Suppose 0 = 4*g + 4*m - 71148, 53357 = -5*g + 8*g + m. What is the units digit of g?
5
Let q(y) = -868*y - 5. Let r be q(-2). Suppose -2*a - 189 = r. What is the units digit of (a/50)/(3/(-20))?
8
Suppose -15*t = 1088355 + 1072335. What is the tens digit of t/(-105) + 2/15?
7
Let y = -33 + 46. Suppose 3*k + 23 = -2*k - 3*h, 3*k = -h - y. What is the units digit of (-12 + 4)/k - -21?
3
Let n be -104 - (2 - 0)/2. Suppose 9*k - 450 = 6*k. Let m = k + n. What is the units digit of m?
5
Let w = 821 - -2157. What is the tens digit of w?
7
Let c be 5 + (-27)/3 + -2. Let x = 137 + c. What is the units digit of x?
1
What is the units digit of ((-9)/4)/((-32)/65408)?
9
Suppose 0 = -5*o + 10, -8*n + 3*n + 4*o + 127 = 0. Let g = 220 + n. What is the hundreds digit of g?
2
Let o = 108009 + -51809. What is the units digit of o?
0
Let w(b) = 300*b - 17. Let v be 64/34 + (-8)/(-68). Let o be w(v). Suppose 4*y - 456 = 5*j, -6*y + 3*j = -y - o. What is the hundreds digit of y?
1
Let q = 20511 + -14646. What is the units digit of q?
5
Suppose -797022 = -28*f + 590350. What is the ten thousands digit of f?
4
Suppose 42*y - 43*y = -72. Let g(w) = -w**3 - 11*w**2 - 13*w + 3. Let s be g(-10). Let k = y + s. What is the tens digit of k?
0
Let g = -2432 + 8962. What is the tens digit of g?
3
Suppose -b = 5*y - 10, 1 - 14 = 4*y + 5*b. Suppose y*u = -4*a + 2245 - 277, -3*a + 5*u = -1447. What is the hundreds digit of a?
4
Let s = -43602 - -73685. What is the hundreds digit of s?
0
What is the hundreds digit of 221964/62 + (-1690)/26195?
5
Let a be 711/2*56/6. What is the units digit of (-4)/16*2 + a/4?
9
Let z(j) = 14*j - 86. Let r = 450 - 435. What is the hundreds digit of z(r)?
1
Let g = 64 - 84. What is the units digit of 12/g*-1 + (-424)/(-10)?
3
Suppose -x + 1414 = k, 4*x - 1616 = -5*k + 5459. Let u be 1*6*(-70)/28. What is the tens digit of (-6)/10 - k/u?
9
Let i = 70122 + -47290. What is the hundreds digit of i?
8
Suppose 0 = 19*j - 2878 - 20568. Suppose -j - 1590 = -4*b. What is the units digit of b?
6
Let h be (5/1 - 7)*(1 - 0). What is the tens digit of 228 + -1 + 5 - (h - -3)?
3
Let x be ((-2043)/(-6))/(1*(-3)/(-8)). Suppose -2*h = 2*b + 1258, -2*h - 3*b - 1252 = b. Let v = x + h. What is the tens digit of v?
7
Suppose 0 = 2*h - 6, -2*z + 0*z + 2*h - 2338 = 0. Let w = 1687 + z. What is the tens digit of w?
2
Suppose 4*r + 2*p = 120024, -4*r - p = -19788 - 100228. What is the tens digit of r?
0
Let c(v) = -14*v + 8. Let f be c(-2). Suppose f*d = 30*d + 162. Suppose 1190 = d*o - 22*o. What is the tens digit of o?
3
Let s = 424 + -212. Let f = 73 + s. What is the tens digit of f?
8
Let b(r) = 468*r**2 - 154*r - 1399. What is the units digit of b(-8)?
5
Suppose 4*s + 3*c = 174, -2*s - c + 68 + 18 = 0. Let p be 2/(-20) + s/20. Let m(k) = 10*k**2 + 2*k - 3. What is the units digit of m(p)?
1
Let l(u) be the second derivative of -7/2*u**3 + 0 + 4*u + 7*u**2. What is the tens digit of l(-3)?
7
Let p = 242 + -92. Suppose -d + 32 = x - p, -4*d + 2*x = -704. What is the units digit of d?
8
Let w = -93 + 107. Suppose 4*z + z = 5*f, w = 5*z + 2*f. Suppose 3*b - 7*n = -z*n + 399, 0 = -4*n. What is the tens digit of b?
3
Let g be 112/63 - (-4)/18. Suppose g*m + 74 = 500. What is the hundreds digit of m?
2
Let l(f) = -f**3 - 9*f**2 + 10*f + 49. Let k be l(-11). Let q = k + -135. Suppose 51*x = q*x + 10. What is the units digit of x?
2
Suppose 98 + 574 = 21*o. Suppose -43*b = -o*b - 1474. What is the hundreds digit of b?
1
Let n(j) = -2*j**2 - 5*j + 6. Let w be n(2). Let z be (15/w)/((-2)/8). Suppose 2*q + z*q - 756 = 0. What is the tens digit of q?
0
Let j = -44 + 47. Let r(c) = 8*c + j*c - 37 - 3*c. What is the units digit of r(16)?
1
Suppose 4*n - 5*j = 305, 5*j = -n - 4*n + 325. Suppose -n*f + 67*f = -1545. What is the units digit of f?
5
Let q(t) = -2*t - 2. Let r be q(-1). Let n be ((-1 - 19) + -2 + 1)*-1. Suppose r = n*p - 19*p - 384. What is the hundreds digit of p?
1
Let y(j) = -j**3 - j**2 - 3*j - 1. Let o(i) = 349*i**3 - 3*i**2 - 13*i + 6. Let h(t) = o(t) - 2*y(t). What is the tens digit of h(1)?
5
Let k(d) = -d**3 - 8*d**2 - 6*d + 7. Let w be k(-8). Let x = 60 - w. Suppose -33 = -4*a - x. What is the units digit of a?
7
Suppose -20 = -8*a + 3*a, 0 = 3*g - a - 329. Let o = 191 + g. What is the units digit of o?
2
Let g(v) = -v**2 + 11*v - 12. Let n be g(3). Suppose -n*p + 2318 = -2842. What is the hundreds digit of p?
4
Let s = -32 - -35. Let x be s - (-9 - (-3 - 0)). Suppose x*o + 750 = 14*o. What is the hundreds digit of o?
1
Let x(m) = -m**2 - 13*m - 18. Let p be x(-10). Suppose -p*v - 1106 = -7466. What is the tens digit of v?
3
Suppose -4*q + 1621 = 645. Suppose 584 = 6*t - q. Suppose -t = -h - f, -6*h + h + 684 = 3*f. What is the hundreds digit of h?
1
Let f(t) = -20*t - 9*t - 14*t - 17*t. Let s be f(-5). Suppose -5*n + s = -220. What is the hundreds digit of n?
1
Suppose 104*y - 65*y - 1508052 = 0. What is the units digit of y?
8
Let u be (80/(-70))/((-8)/28). Suppose -u*t - 4*v + 2128 = 0, -t + 25*v = 30*v - 524. What is the units digit of t?
4
Suppose -46*a = -25*a - 142023. What is the units digit of a?
3
Let h(j) = -5*j**3 + 4*j**2 - 8*j - 11. Let y(v) = 0*v + 5*v**2 + v - 4*v**2 - 2*v + v**3. Let f(q) = h(q) + 6*y(q). What is the units digit of f(-11)?
2
Let u(c) be the second derivative of -10*c + 3*c**2 + 0 - 17/3*c**3. What is the units digit of u(-2)?
4
Let p(o) = 76*o**2 - 40*o + 356. What is the hundreds digit of p(9)?
1
Let j = -13 + 2. Let u(d) = 3*d + 8. Let s be u(j). Let x(c) = c**2 + 19*c - 37. What is the hundreds digit of x(s)?
1
Let q(g) be the second derivative of -35*g**3/6 + 481*g**2 + 89*g. What is the units digit of q(0)?
2
Let s(c) be the first derivative of c**4/4 - c**3/3 + 3*c**2 - 8*c - 23. Let m be 7 + (-3 - (-1 - -1)). What is the tens digit of s(m)?
6
Let r(q) = 56*q**2 + 45*q - 135. What is the thousands digit of r(10)?
5
Let a = -9276 + 63395. What is the units digit of a?
9
Let b(d) = 1323*d - 485. What is the units digit of b(4)?
7
Suppose 5*m + 189627 = 4*h, -27*h + m = -29*h + 94803. What is the hundreds digit of h?
4
Suppose 0 = -f + 4, 0*p + f - 4 = 5*p. Suppose 0 = 5*u - x - 2774, 4*u = -p*x + 4*x + 2232. Suppose 0 = 12*z - 1222 - u. What is the hundreds digit of z?
1
Let a(r) = -251*r + 162. What is the hundreds digit of a(0)?
1
Let r(q) = 1189*q + 813*q - 630*q. Let y be r(1). What is the units digit of 0 - 1 - 1/((-7)/y)?
5
Suppose 7 = -16*z + 17*z. Suppose 2*y + 1 = -z. What is the tens digit of (10/y*3)/((-18)/96)?
4
Let u(t) = t**3 - 2*t**2 + t - 70. Let o be u(0). Let f = -59 + 8. Let p = f - o. What is the tens digit of p?
1
Suppose -59*d + 2006303 + 1910017 = 181*d. What is the hundreds digit of d?
3
Let y(c) = 2*c**3 + 3*c**2 + 7*c - 2. Let b be y(8). Suppose 3*r = 500 + b. What is the units digit of r?
0
Let a(f) = -1976*f + 1969*f + f**2 - 5 - 90. What is the tens digit of a(32)?
0
Let n(p) = 15*p + 63. Let q be n(-12). Let x = q + 440. What is the hundreds digit of x?
3
Let d = -9312 - -11964. What is the units digit of d?
2
Let a(z) = -z + 1. Let l(u) = -9*u**2 - 16*u - 7. Let r(f) = 5*a(f) - l(f). What is the tens digit of r(-7)?
7
Suppose 3 = j - 7. What is the units digit of (-3*(-764)/j)/((-116)/(-290))?
3
Let m = 22 + -19. Suppose 5*r = -3*q - 3597, -2878 = 4*r - q + m*q. What is the tens digit of 2*2*r/(-32)?
9
What is the thousands digit of (41964/(-234))/(-1 - (-1 - -2))*417?
7
What is the tens digit of ((-2)/4)/(((-51)/(-189582))/(-17)*1)?
9
Suppose -2*l = -2*j + 22306, -5*j + l + 20444 = -35329. What is the units digit of j?
5
Let p(r) = -r**3 - 11*r**2 + 28*r + 47. Let j be p(-13). What is the hundreds digit of j/((-630)/(-20)) + (-2114)/(-6)?
3
Let v be -2*6*(1 - 2). Let l be v/2*(-7 - -8)/2. Suppose 0 = -4*g + l*d + 417, 3*d = -3*g + 5*d + 313. What is the tens digit of g?
0
Let j = 21 + -38. Let q = 21 + j. Suppose 4*u - 4 = 8, -4*d + 236 = q*u. What is the tens digit of d?
5
Let s(b) = 5*b**2 + 0*b**2 + b**2 - 3*b**2 - 33 - 8*b - 4*b. What is the thousands digit of s(-18)?
1
Let q(h) = -h**2 + 13*h + 7. Let t be q(16). Let l = 63 + t. What is the units digit of 95 + 0 + (l - 20)?
7
Let u(a) = 2*a**3 + 11*a**2 + 11*a + 7. Let k be u(-4). Suppose k*d = -14*d + 32025. What is the units 